{"id":370,"date":"2023-11-05T15:22:00","date_gmt":"2023-11-05T14:22:00","guid":{"rendered":"https:\/\/eliza-bzura.pl\/?page_id=370"},"modified":"2026-02-11T22:42:06","modified_gmt":"2026-02-11T21:42:06","slug":"indeksacja","status":"publish","type":"page","link":"https:\/\/projektbzura.pl\/index.php\/indeksacja\/","title":{"rendered":"Indeksacja"},"content":{"rendered":"\t\t<div data-elementor-type=\"wp-page\" data-elementor-id=\"370\" class=\"elementor elementor-370\">\n\t\t\t\t<div class=\"elementor-element elementor-element-332c257a e-flex e-con-boxed e-con e-parent\" data-id=\"332c257a\" data-element_type=\"container\">\n\t\t\t\t\t<div class=\"e-con-inner\">\n\t\t\t\t<div class=\"elementor-element elementor-element-31199ef4 elementor-widget elementor-widget-text-editor\" data-id=\"31199ef4\" data-element_type=\"widget\" data-widget_type=\"text-editor.default\">\n\t\t\t\t\t\t\t\t\t\n<p class=\"has-small-font-size\"><span style=\"font-family: brygada1918-regular; font-size: 16px;\">Nasz\u0105 ambicj\u0105 jest zindeksowanie wszystkich dost\u0119pnych ksi\u0105g metrykalnych z dawnych wojew\u00f3dztw \u0142\u0119czyckiego i rawskiego. Indeksujemy zar\u00f3wno nasze zasoby, jak i materia\u0142y opublikowane w sieci. Zdarza si\u0119 nam r\u00f3wnie\u017c indeksowa\u0107 metryki z pogranicznych teren\u00f3w, poniewa\u017c cz\u0119sto znajduj\u0105 si\u0119 tam informacje o ludziach mieszkaj\u0105cych na obszarze naszego zainteresowania. Jest to szczeg\u00f3lnie wa\u017cne, gdy brakuje ksi\u0105g w\u0142a\u015bnie w naszych parafiach. Wszystkie indeksy publikujemy niezw\u0142ocznie w naszej bazie danych <a href=\"https:\/\/metryki.projektbzura.pl\/\">BZURA<\/a>. Ju\u017c dzi\u015b znajduje si\u0119 w niej mn\u00f3stwo, cz\u0119sto unikatowych i bezcennych, informacji zar\u00f3wno dla genealoga, jak i historyka regionu.<\/span><\/p>\n<p><span style=\"font-family: brygada1918-regular; font-size: 16px;\"><\/span><\/p>\n<p class=\"has-small-font-size\"><span style=\"font-family: brygada1918-regular; font-size: 16px;\">Nie dublujemy pracy innych, zatem je\u015bli wykonano indeksacj\u0119 w ramach innej inicjatywy nie b\u0119dziemy jej powtarza\u0107. Zdarza si\u0119 jednak, \u017ce osoby, kt\u00f3re wykona\u0142y indeksy dla innych baz danych metrykalnych przesy\u0142aj\u0105 nam swoje indeksy. W takiej sytuacji publikujemy je w naszej bazie.<\/span><\/p>\n<p><span style=\"font-family: brygada1918-regular; font-size: 16px;\"><\/span><\/p>\n<p class=\"has-small-font-size\"><span style=\"font-family: brygada1918-regular; font-size: 16px;\">Publikujemy dane zgodnie z polskim prawem, a zatem indeksy urodzonych starsze ni\u017c 100 lat, a indeksy ma\u0142\u017ce\u0144stw i zgon\u00f3w starsze ni\u017c 80 lat.<\/span><\/p>\n<p><span style=\"font-family: brygada1918-regular; font-size: 16px;\"><\/span><\/p>\n<p class=\"has-small-font-size\"><span style=\"font-family: brygada1918-regular; font-size: 16px;\">Indeksujemy wszystkie metrykalia, zar\u00f3wno wyznaniowe jak i cywilne. Je\u015bli w bazie danych znajdziecie interesuj\u0105c\u0105 miejscowo\u015b\u0107 i nie ma ona dodatkowych oznacze\u0144 w nawiasie oznacza, \u017ce s\u0105 to metryki wyznaniowe katolickie. W przypadku metryk cywilnych dodajemy skr\u00f3t ASC (Akta stanu cywilnego), w przypadku innych wyzna\u0144 stosujemy nast\u0119puj\u0105ce skr\u00f3ty: MOJ\u017b &#8211; moj\u017ceszowe, EWANG &#8211; ewangelickie, PRAWOS\u0141 &#8211; prawos\u0142awne, MENNO &#8211; mennonickie, MARIAW &#8211; mariawickie.<\/span><\/p>\n<p><span style=\"font-family: brygada1918-regular; font-size: 16px;\"><\/span><\/p>\n<p class=\"has-small-font-size\"><span style=\"font-family: brygada1918-regular; font-size: 16px;\">W sytuacji, gdy w danej miejscowo\u015bci istnieje wi\u0119cej ni\u017c jedna parafia w nawiasie dodajemy dodatkow\u0105 informacj\u0119 (np. imi\u0119 patrona lub nazwa dzielnicy). Zdarza si\u0119 r\u00f3wnie\u017c, \u017ce parafia zmieni\u0142a siedzib\u0119 ale kontynuuje tradycj\u0119 poprzedniczki &#8211; w takiej sytuacji podajemy dzisiejsz\u0105 nazw\u0119 parafii, a w nawiasie historyczn\u0105.<\/span><\/p>\n<p><span style=\"font-family: brygada1918-regular; font-size: 16px;\"><\/span><\/p>\n<p class=\"has-small-font-size\"><span style=\"font-family: brygada1918-regular; font-size: 16px;\">Zapraszamy do wsp\u00f3\u0142pracy &#8211; ka\u017cdy mo\u017ce pom\u00f3c w indeksacji gromadzonych przez nas materia\u0142\u00f3w. Dzi\u0119ki temu mo\u017cemy lepiej pozna\u0107 histori\u0119 naszych rodzin ale r\u00f3wnie\u017c histori\u0119 regionu. Chcesz pom\u00f3c &#8211; napisz: <a href=\"mailto:indeksacja@projektbzura.pl\">redakcja@projektbzura.pl<\/a>.<\/span><\/p>\n<p><a href=\"https:\/\/projektbzura.pl\/index.php\/zasady-indeksacji-w-projekcie-bzura\/\"><span style=\"font-family: brygada1918-regular; font-size: 16px;\">Zasady indeksacji w Projekcie Bzura<\/span><\/a><\/p>\n<p><a href=\"https:\/\/projektbzura.pl\/wp-content\/uploads\/2025\/11\/Szablon-indeksacyjny.xls.xlsx\"><span style=\"font-family: brygada1918-regular; font-size: 16px;\">Szablon indeksacyjny<\/span><\/a><\/p>\n<p><span style=\"font-family: brygada1918-regular;\"><a href=\"https:\/\/projektbzura.pl\/wp-content\/uploads\/2026\/02\/Standard-indeksacji-ksiag-metrykalnych-w-Projekcie-Bzura.pdf\"><span style=\"font-size: 16px;\">Standard indeksacji ksi\u0105g metrykalnych w Projekcie Bzura<\/span><\/a><\/span><\/p>\n<p><span style=\"font-family: brygada1918-bold; font-size: 16px;\"><strong>NASI WOLONTARIUSZE I WSP\u00d3\u0141PRACOWNICY:<\/strong><\/span><\/p>\n<p><span style=\"font-family: brygada1918-bold; font-size: 16px;\"><strong>Antoni Burzy\u0144ski, Tomek Bogiel, Tomasz D\u0105browski, Filip Kisio\u0142ek, Marek Bia\u0142y, Andrzej Kornacki, Przemek, Arek, Majka, Karolina, Antek, Piotrek, Marcin.<\/strong><\/span><\/p>\n<p><span style=\"font-size: 16px; font-family: brygada1918-bold;\">DZI\u0118KUJEMY SERDECZNIE!!!<\/span><\/p>\n\t\t\t\t\t\t\t\t<\/div>\n\t\t\t\t\t<\/div>\n\t\t\t\t<\/div>\n\t\t\t\t<\/div>\n\t\t","protected":false},"excerpt":{"rendered":"<p>Nasz\u0105 ambicj\u0105 jest zindeksowanie wszystkich dost\u0119pnych ksi\u0105g metrykalnych z dawnych wojew\u00f3dztw \u0142\u0119czyckiego i rawskiego. Indeksujemy zar\u00f3wno nasze zasoby, jak i materia\u0142y opublikowane w sieci. Zdarza si\u0119 nam r\u00f3wnie\u017c indeksowa\u0107 metryki z pogranicznych teren\u00f3w, poniewa\u017c cz\u0119sto znajduj\u0105 si\u0119 tam informacje o ludziach mieszkaj\u0105cych na obszarze naszego zainteresowania. Jest to szczeg\u00f3lnie wa\u017cne, gdy brakuje ksi\u0105g w\u0142a\u015bnie w [&hellip;]<\/p>\n","protected":false},"author":1,"featured_media":0,"parent":0,"menu_order":0,"comment_status":"closed","ping_status":"closed","template":"","meta":{"footnotes":""},"class_list":["post-370","page","type-page","status-publish","hentry","post-preview"],"_links":{"self":[{"href":"https:\/\/projektbzura.pl\/index.php\/wp-json\/wp\/v2\/pages\/370","targetHints":{"allow":["GET"]}}],"collection":[{"href":"https:\/\/projektbzura.pl\/index.php\/wp-json\/wp\/v2\/pages"}],"about":[{"href":"https:\/\/projektbzura.pl\/index.php\/wp-json\/wp\/v2\/types\/page"}],"author":[{"embeddable":true,"href":"https:\/\/projektbzura.pl\/index.php\/wp-json\/wp\/v2\/users\/1"}],"replies":[{"embeddable":true,"href":"https:\/\/projektbzura.pl\/index.php\/wp-json\/wp\/v2\/comments?post=370"}],"version-history":[{"count":58,"href":"https:\/\/projektbzura.pl\/index.php\/wp-json\/wp\/v2\/pages\/370\/revisions"}],"predecessor-version":[{"id":762,"href":"https:\/\/projektbzura.pl\/index.php\/wp-json\/wp\/v2\/pages\/370\/revisions\/762"}],"wp:attachment":[{"href":"https:\/\/projektbzura.pl\/index.php\/wp-json\/wp\/v2\/media?parent=370"}],"curies":[{"name":"wp","href":"https:\/\/api.w.org\/{rel}","templated":true}]}}