{"id":185,"date":"2022-04-15T21:08:27","date_gmt":"2022-04-15T19:08:27","guid":{"rendered":"http:\/\/eliza-bzura.pl\/?page_id=185"},"modified":"2025-10-18T23:15:08","modified_gmt":"2025-10-18T21:15:08","slug":"leczyckie-parafie","status":"publish","type":"page","link":"https:\/\/projektbzura.pl\/index.php\/leczyckie-parafie\/","title":{"rendered":"\u0141\u0119czyckie parafie"},"content":{"rendered":"\t\t<div data-elementor-type=\"wp-page\" data-elementor-id=\"185\" class=\"elementor elementor-185\">\n\t\t\t\t<div class=\"elementor-element elementor-element-2cdde632 e-flex e-con-boxed e-con e-parent\" data-id=\"2cdde632\" data-element_type=\"container\">\n\t\t\t\t\t<div class=\"e-con-inner\">\n\t\t\t\t<div class=\"elementor-element elementor-element-2cfae508 elementor-widget elementor-widget-text-editor\" data-id=\"2cfae508\" data-element_type=\"widget\" data-widget_type=\"text-editor.default\">\n\t\t\t\t\t\t\t\t\t\n<p><span style=\"font-family: brygada1918-regular; font-size: 20px;\"><strong>Ziemia \u0142\u0119czycka<\/strong><\/span><\/p>\n<p><span style=\"font-family: brygada1918-regular;\"><\/span><\/p>\n<p><span style=\"font-family: brygada1918-regular; font-size: 18px;\">Powiat brzezi\u0144ski<\/span><\/p>\n<p><span style=\"font-family: brygada1918-regular;\"><div class=\"wp-block-image\"><\/span><\/p>\n<figure class=\"alignleft size-full is-resized\"><span style=\"font-family: brygada1918-regular;\"><img decoding=\"async\" class=\"wp-image-243\" src=\"http:\/\/projektbzura.pl\/wp-content\/uploads\/2022\/04\/POL_Brzeziny_COA.svg_.png\" alt=\"\" width=\"120\" height=\"204\" \/><\/span><\/figure>\n<p><span style=\"font-family: brygada1918-regular;\"><\/div><\/span><\/p>\n<blockquote class=\"wp-block-quote is-layout-flow wp-block-quote-is-layout-flow\">\n<p><span style=\"font-family: brygada1918-regular; font-size: 16px;\">B\u0119dk\u00f3w, Bratoszewice, Brzeziny, Chorz\u0119cin, Dobra, Ga\u0142k\u00f3w Du\u017cy, Inow\u0142\u00f3dz, Ko\u017ale, Lubochnia, \u0141azn\u00f3w, \u0141\u00f3d\u017a-Mileszki, \u0141\u00f3d\u017a-Naj\u015bwi\u0119tszego Serca Jezusowego, \u0141\u00f3d\u017a-Podwy\u017cszenia Krzy\u017ca \u015awi\u0119tego, \u0141\u00f3d\u017a-Przemienienia Pa\u0144skiego, \u0141\u00f3d\u017a-Stanis\u0142awa Kostki, \u0141\u00f3d\u017a-\u015aw. Anny, \u0141\u00f3d\u017a-\u015aw. J\u00f3zefa, \u0141\u00f3d\u017a-\u015aw. J\u00f3zefa Oblubie\u0144ca NMP, \u0141\u00f3d\u017a-\u015aw. Kazimierza, \u0141\u00f3d\u017a-\u015aw. Wojciecha, \u0141\u00f3d\u017a-Wniebowzi\u0119cia NMP, <em>Ma\u0142ecz<\/em>, Niesu\u0142k\u00f3w, Rzeczyca, Skoszewy, Stryk\u00f3w, Szczawin, <em>Tobiasze<\/em>, Ujazd.<\/span><\/p>\n<\/blockquote>\n<p><span style=\"font-family: brygada1918-regular;\"><\/span><\/p>\n<p><span style=\"font-family: brygada1918-regular; font-size: 18px;\">Powiat \u0142\u0119czycki<\/span><\/p>\n<p><span style=\"font-family: brygada1918-regular;\"><div class=\"wp-block-image is-style-default\"><\/span><\/p>\n<figure class=\"alignleft size-full is-resized\"><span style=\"font-family: brygada1918-regular;\"><img decoding=\"async\" class=\"wp-image-244\" src=\"http:\/\/projektbzura.pl\/wp-content\/uploads\/2022\/04\/800px-POL_Leczyca_COA.svg_.png\" alt=\"\" width=\"120\" srcset=\"https:\/\/projektbzura.pl\/wp-content\/uploads\/2022\/04\/800px-POL_Leczyca_COA.svg_.png 800w, https:\/\/projektbzura.pl\/wp-content\/uploads\/2022\/04\/800px-POL_Leczyca_COA.svg_-254x300.png 254w, https:\/\/projektbzura.pl\/wp-content\/uploads\/2022\/04\/800px-POL_Leczyca_COA.svg_-768x907.png 768w, https:\/\/projektbzura.pl\/wp-content\/uploads\/2022\/04\/800px-POL_Leczyca_COA.svg_-676x799.png 676w\" sizes=\"(max-width: 800px) 100vw, 800px\" \/><\/span><\/figure>\n<p><span style=\"font-family: brygada1918-regular; font-size: 16px;\"><\/div><\/span><\/p>\n<blockquote class=\"wp-block-quote is-layout-flow wp-block-quote-is-layout-flow\">\n<p><span style=\"font-family: brygada1918-regular; font-size: 16px;\">Be\u0142d\u00f3w, Bierzwienna D\u0142uga, B\u0142onie, Borys\u0142awice Ko\u015bcielne, Che\u0142mno nad Nerem, <em>Chociszew<\/em>, Chod\u00f3w (gm. Chod\u00f3w), <em>Chod\u00f3w (gm. Wartkowice)<\/em>, Dalik\u00f3w, D\u0105bie, D\u0105browice, Domaniew, Dzierzbice, Gieczno, <em>Goraj<\/em>, G\u00f3ra \u015awi\u0119tej Ma\u0142gorzaty, Grab\u00f3w, <a href=\"https:\/\/katalog.projektpodlasie.pl\/parish\/11651\">Groch\u00f3w<\/a>, Grzegorzew, Ka\u0142\u00f3w, Kazimierz, K\u0142odawa, Kro\u015bniewice, Kutno-\u0141\u0105koszyn, Le\u017anica Ma\u0142a, Le\u017anica Wielka, \u0141\u0119czyca, Mazew, M\u0105kolice, Mi\u0142onice, Modlna, Nowe, Ozork\u00f3w, Parz\u0119czew, Pi\u0105tek, Pieczew, Podd\u0119bice, Rdut\u00f3w, Siedlec, S\u0142awoszew, Solca Wielka, Stara Sob\u00f3tka, Strzegocin, Topola Kr\u00f3lewska, Tum, Tur, Umie\u0144, <a href=\"https:\/\/katalog.projektpodlasie.pl\/parish\/11599\">Witonia<\/a>, Zgierz.<\/span><\/p>\n<\/blockquote>\n<p><span style=\"font-family: brygada1918-regular;\"><\/span><\/p>\n<p><span style=\"font-family: brygada1918-regular; font-size: 18px;\">Powiat or\u0142owski<\/span><\/p>\n<p><span style=\"font-family: brygada1918-regular;\"><\/span><\/p>\n<blockquote class=\"wp-block-quote is-layout-flow wp-block-quote-is-layout-flow\">\n<p><span style=\"font-family: brygada1918-regular; font-size: 16px;\"><a href=\"https:\/\/katalog.projektpodlasie.pl\/parish\/11613\">B\u0105k\u00f3w<\/a>, Bedlno, Bielawy, <em>Ciechos\u0142awice-P\u0119c\u0142awice<\/em>, Kaszewy Ko\u015bcielne, \u0141\u0119ki Ko\u015bcielne, Opor\u00f3w, Or\u0142\u00f3w, Oszkowice, <a href=\"https:\/\/katalog.projektpodlasie.pl\/parish\/11934\">Plecka D\u0105browa<\/a>, Sobota, \u015aleszyn, Waliszew, Zduny, \u017bychlin.<\/span><\/p>\n<\/blockquote>\n<p><span style=\"font-family: brygada1918-regular;\"><\/span><\/p>\n<p><span style=\"font-family: brygada1918-regular; font-size: 16px;\"><em>Kursyw\u0105 oznaczono parafie, kt\u00f3re obecnie nie istniej\u0105.<\/em><\/span><\/p>\n<p><span style=\"font-family: brygada1918-regular; font-size: 16px;\"><\/span><\/p>\n<p><span style=\"font-family: brygada1918-regular; font-size: 16px;\">Powiaty w granicach przedrozbiorowych. Zestawienie obejmuje parafie powsta\u0142e do 1920.<\/span><\/p>\n<p><span style=\"font-family: brygada1918-regular;\"><\/span><\/p>\n<p class=\"has-small-font-size\"><span style=\"font-family: brygada1918-regular;\">Je\u015bli zauwa\u017c\u0105 Pa\u0144stwo b\u0142\u0119dy lub braki w zestawieniu prosimy o kontakt: redakcja@projektbzura.pl<\/span><\/p>\n\t\t\t\t\t\t\t\t<\/div>\n\t\t\t\t\t<\/div>\n\t\t\t\t<\/div>\n\t\t\t\t<\/div>\n\t\t","protected":false},"excerpt":{"rendered":"<p>Ziemia \u0142\u0119czycka Powiat brzezi\u0144ski B\u0119dk\u00f3w, Bratoszewice, Brzeziny, Chorz\u0119cin, Dobra, Ga\u0142k\u00f3w Du\u017cy, Inow\u0142\u00f3dz, Ko\u017ale, Lubochnia, \u0141azn\u00f3w, \u0141\u00f3d\u017a-Mileszki, \u0141\u00f3d\u017a-Naj\u015bwi\u0119tszego Serca Jezusowego, \u0141\u00f3d\u017a-Podwy\u017cszenia Krzy\u017ca \u015awi\u0119tego, \u0141\u00f3d\u017a-Przemienienia Pa\u0144skiego, \u0141\u00f3d\u017a-Stanis\u0142awa Kostki, \u0141\u00f3d\u017a-\u015aw. Anny, \u0141\u00f3d\u017a-\u015aw. J\u00f3zefa, \u0141\u00f3d\u017a-\u015aw. J\u00f3zefa Oblubie\u0144ca NMP, \u0141\u00f3d\u017a-\u015aw. Kazimierza, \u0141\u00f3d\u017a-\u015aw. Wojciecha, \u0141\u00f3d\u017a-Wniebowzi\u0119cia NMP, Ma\u0142ecz, Niesu\u0142k\u00f3w, Rzeczyca, Skoszewy, Stryk\u00f3w, Szczawin, Tobiasze, Ujazd. Powiat \u0142\u0119czycki Be\u0142d\u00f3w, Bierzwienna D\u0142uga, B\u0142onie, Borys\u0142awice [&hellip;]<\/p>\n","protected":false},"author":1,"featured_media":0,"parent":0,"menu_order":0,"comment_status":"closed","ping_status":"closed","template":"","meta":{"footnotes":""},"class_list":["post-185","page","type-page","status-publish","hentry","post-preview"],"_links":{"self":[{"href":"https:\/\/projektbzura.pl\/index.php\/wp-json\/wp\/v2\/pages\/185","targetHints":{"allow":["GET"]}}],"collection":[{"href":"https:\/\/projektbzura.pl\/index.php\/wp-json\/wp\/v2\/pages"}],"about":[{"href":"https:\/\/projektbzura.pl\/index.php\/wp-json\/wp\/v2\/types\/page"}],"author":[{"embeddable":true,"href":"https:\/\/projektbzura.pl\/index.php\/wp-json\/wp\/v2\/users\/1"}],"replies":[{"embeddable":true,"href":"https:\/\/projektbzura.pl\/index.php\/wp-json\/wp\/v2\/comments?post=185"}],"version-history":[{"count":53,"href":"https:\/\/projektbzura.pl\/index.php\/wp-json\/wp\/v2\/pages\/185\/revisions"}],"predecessor-version":[{"id":626,"href":"https:\/\/projektbzura.pl\/index.php\/wp-json\/wp\/v2\/pages\/185\/revisions\/626"}],"wp:attachment":[{"href":"https:\/\/projektbzura.pl\/index.php\/wp-json\/wp\/v2\/media?parent=185"}],"curies":[{"name":"wp","href":"https:\/\/api.w.org\/{rel}","templated":true}]}}